late the highest common factor of h and 14.
14
Suppose 2569 = 2*g - 5*s, -3*g - s = -4048 + 135. What is the highest common factor of 93 and g?
93
Let s(g) = 165*g**2 + 1486*g + 15. Let p be s(-9). Suppose -2*u + 94 = 2*f, 0 = f + 3*f + 4. Calculate the highest common factor of u and p.
6
Suppose -1448*b + 3120 = -1438*b. What is the highest common divisor of b and 130?
26
Let o = 115 - 77. Let v(n) = -12*n + 216. Let f be v(10). Suppose o*w = 34*w + f. What is the highest common factor of w and 6?
6
Suppose -2*b + 14430 = -3*n, -28842 = -1739*b + 1735*b + 3*n. What is the greatest common divisor of b and 12?
6
Let g be 174/(-435) + 32968/20. What is the highest common factor of g and 32?
16
Let z be (12 + ((-5292)/35)/14)/((-2)/(-50)). Calculate the greatest common factor of z and 780.
30
Let l(x) be the first derivative of -5/2*x**2 - 1/4*x**4 + 9*x + 7/3*x**3 - 21. Let i be l(5). What is the greatest common divisor of i and 85?
17
Suppose 3*m = -5*j - 2743, 2200 = 6*j - 10*j - m. Let r = 232 - j. Calculate the greatest common factor of 27 and r.
27
Let d(g) = -29*g**2 - 607*g + 44. Let k be d(-21). What is the greatest common factor of 2048 and k?
2
Suppose 108*x + 73*x - 3982 = 0. Calculate the highest common divisor of 539 and x.
11
Let a be (13524/1610)/(1 + 4/(-10)). What is the greatest common divisor of 1701 and a?
7
Let k = -3898 + 3911. What is the highest common factor of 1313 and k?
13
Suppose 179*s - 720 = 107*s. Suppose 0 = -4*l + 25 - 5. Calculate the greatest common divisor of s and l.
5
Let d be (-23)/((-92)/32) + (3 - -244). Calculate the greatest common divisor of 30 and d.
15
Let p = -153 + 219. Suppose 2*y - p = 50. What is the highest common factor of 2 and y?
2
Let k be -1 + (-2542)/(-38) + (-4)/(-38). Suppose -x - k = -74. Suppose -3*z + 24 = w - 166, 4*z - 250 = -3*w. What is the greatest common divisor of x and z?
8
Suppose 134 = 9*c - 571 + 120. What is the greatest common factor of 221 and c?
13
Let j be 9*(4 + (8 - 8) + 3). What is the greatest common factor of 175 and j?
7
Suppose -13*w - 49 = -88. Suppose y - w = 0, -t + 67 = y - 28. What is the greatest common factor of 23 and t?
23
Suppose -15*n + 35*n + 474 - 1474 = 0. Calculate the highest common divisor of n and 25.
25
Suppose -4*g + 5*r + 1128 = 0, 2*r - 2 - 6 = 0. Let i be (-15)/230 + 35891/874. What is the highest common divisor of i and g?
41
Suppose 0 = -k + 5*s + 74, -31*k = -27*k + 4*s - 392. Let o = 14 + k. Calculate the greatest common factor of 81 and o.
27
Let f(z) = 44*z**3 + 10*z**2 + 10*z + 11. Let r be f(5). What is the highest common factor of r and 78?
39
Let j = 400 + -210. Suppose 3*n - 139 = 5*a, -4*a - 350 = -330. Calculate the highest common divisor of n and j.
38
Let j = -11 + 37. Let h be 2/4*1*j. Suppose 8*i - h*i = -40. Calculate the greatest common factor of 64 and i.
8
Let x be (2 + 6 + (-198)/27)/((-4)/(-342)). Suppose -2*s + 15 = 3*c - 219, -c - 5*s = -91. Calculate the greatest common divisor of x and c.
19
Let p(q) = -q**2 - 32*q - 189. Let h be p(-8). Calculate the highest common divisor of 75 and h.
3
Let t(g) = g**3 - 4*g**2 - 2*g - 20. Let m be t(5). Let d be 1 - -2 - m/((-10)/(-174)). What is the greatest common divisor of 10 and d?
10
Let n be -5 - (-59 + 0) - -5. Suppose -2*g - 8 = 72. Let z = g + n. What is the highest common factor of 19 and z?
19
Let v(o) = o**3 + 15*o**2 - 18*o - 18. Let n be v(-16). Let d(p) = -4 + n*p - 38*p - 4. Let w be d(-6). Calculate the highest common divisor of w and 17.
17
Suppose 0 = 114*b - 346855 - 317993. What is the greatest common factor of 360 and b?
72
Let v(a) = 2*a**3 - 2*a**2 + 3*a - 10. Let u be v(2). Suppose c = -2*b + 130, -b - 4*c + 94 = 22. Calculate the greatest common factor of b and u.
4
Let x = 29 - 20. Let m be (3 + x/(-12))*28. Suppose -293 - 166 = -51*j. Calculate the highest common factor of j and m.
9
Let i be (7 + -40)*(-4 + -1). Suppose -4*x - 2 = -150. Suppose -7 + x = 2*q. Calculate the highest common divisor of q and i.
15
Let o(t) = t**2 + 16*t + 88. Let i(v) = -3*v**2 + 13*v - 16. Let f be i(4). Let c be o(f). What is the greatest common divisor of c and 160?
40
Let l(i) = 9*i**2 - 229*i - 2251. Let v be l(-9). What is the greatest common factor of 833 and v?
49
Let z(b) = -b**3 - 31*b**2 + 45*b + 102. Let o be z(-33). What is the greatest common factor of 3 and o?
3
Let f = -7774 + 7784. Calculate the greatest common factor of 12830 and f.
10
Suppose 521*h = 514*h + 224. Calculate the greatest common factor of 4064 and h.
32
Suppose 70*c - 141100 = 190560. What is the greatest common divisor of 23 and c?
23
Suppose 0 = 3*y + 13 - 4. Let n = y - -9. Let s be ((n/(-12))/(1/14))/(-1). What is the greatest common factor of 21 and s?
7
Let s = -191 + 193. Let h be ((-153)/s)/((-3)/12). Calculate the highest common divisor of h and 18.
18
Suppose -k + 2234 = 5*p, 2*k - 45*p - 4444 = -47*p. Calculate the greatest common divisor of 7 and k.
7
Let v = 19265 - 19210. Calculate the greatest common divisor of 545 and v.
5
Let b be 14/28 + -317*9/(-6). Calculate the greatest common factor of b and 136.
68
Suppose -3*h = -2*z + 13, 4*h - 3*z + 9 = -9. Let c be (-146)/12*h*2. What is the highest common divisor of c and 219?
73
Let t = -33245 - -33409. Let w = -9 - -13. Calculate the greatest common factor of w and t.
4
Suppose 15 = 7*m + 1. Suppose 5*b - m*k - 12 = -k, -k = 3*b - 12. Suppose 2*i + 418 = b*w + 135, -359 = -4*w - i. What is the highest common factor of 7 and w?
7
Suppose -f = -4*w + 67, 217*f = 4*w + 220*f - 87. What is the greatest common divisor of 3174 and w?
6
Let o(c) = 5*c - 30. Let p be o(9). Let b be 3/p*-18*-5. Let j(q) = q**2 + 6*q + 5. Let m be j(4). What is the highest common factor of m and b?
9
Suppose 146168 = -168*m + 506360. Calculate the highest common divisor of 737 and m.
67
Let h = -230 + 230. Suppose -3*u + 4*i + 1007 = 0, -3*i + h*i = -u + 339. Calculate the greatest common divisor of u and 9.
9
Suppose 2*l = -4*u + 101 + 1675, -3532 = -4*l + 2*u. What is the highest common factor of l and 17?
17
Let o be (-15)/(-2)*16/6. Let d be (-2 - (-2226)/15) + 8/(-20). Let a = d + -96. What is the highest common factor of o and a?
10
Let u = -356 - -204. Let h = u - -163. Let j be -1 + ((-4)/4 - 90*-1). Calculate the greatest common factor of j and h.
11
Let j be (270/(-72))/(-3 + 386/128). Let x = j + 266. What is the highest common divisor of x and 10?
2
Let c(h) = 4*h**2 + 52*h + 88. Let k be c(-22). Suppose -j + 5*i + 75 = 0, 3*i - 5*i = -2*j + 158. Calculate the greatest common factor of j and k.
80
Suppose -q - 46*w + 51*w + 160 = 0, -4*w = -4*q + 720. Calculate the greatest common divisor of 1998 and q.
37
Let q = 12908 - 9965. What is the greatest common divisor of 54 and q?
27
Let c(b) = 25*b + 160. Let t be c(-6). Let j be -2 + t + (18 - 20). What is the greatest common divisor of 24 and j?
6
Let j = 1042 - 986. Let l be (1/(-2))/(3/(-18)). Let h = l - -5. What is the greatest common divisor of j and h?
8
Suppose -4*r = -5*i - 10, -2*r + 1 = -3*r + 3*i. Suppose 4*m - 407 = -d, d - r*m - 298 = 145. Calculate the highest common factor of 47 and d.
47
Let i(q) = 13662*q**2 - 38*q - 39. Let l be i(-1). Calculate the greatest common factor of 19 and l.
19
Suppose 56*o = 58*o - 10, 4027 = -4*r - 5*o. Let q = r - -1169. Let f = 7 - -6. What is the highest common factor of q and f?
13
Let l(j) = 3*j**2 - 142*j - 257. Let a be l(-2). Suppose -p - 1747 = -5*c - 5*p, 5*c = -3*p + 1749. Calculate the highest common divisor of c and a.
39
Let c be (232/(-1508))/(22/(-143)). Suppose -2 + 32 = 5*v. Let u be (-2)/v - (-13)/3. Calculate the highest common divisor of u and c.
1
Suppose 7*k - 59 = -10. Suppose -3 = -8*b + k*b. Let f be (2 - -70) + (b - 5). What is the highest common divisor of f and 175?
35
Let l = 33 - 31. Suppose -23 - 75 = l*f. Let o be (-21)/f + 12/21. Calculate the greatest common factor of o and 1.
1
Let p = -793 - -2773. What is the highest common divisor of p and 270?
90
Let d(n) = -5*n - 25. Let j(v) = -v. Let y(a) = d(a) - 2*j(a). Let r be y(-7). Let i be (2/6*-3 - r) + -1. Calculate the greatest common divisor of i and 1.
1
Suppose -14*i + 312 = 12*i. Let d be (-10 + (-6 - 14))*i/(-10). Calculate the highest common divi